?
19
Let t = -38 - -36. What are the prime factors of (t/5)/(11/(-2145))?
2, 3, 13
Let p = -1387 - -2204. What are the prime factors of p?
19, 43
Let u(i) = 42*i + 22. Let q(d) = -168*d - 87. Let x(b) = 5*q(b) + 21*u(b). What are the prime factors of x(5)?
3, 79
Let b(y) = y + 7. Let n(q) = -q - 7. Let t(s) = -6*b(s) - 7*n(s). What are the prime factors of t(14)?
3, 7
Suppose -2*c - 3079 = -3*k, 4*k - 1436 = -3*c + 2658. List the prime factors of k.
5, 41
Let r(i) = -2*i**2. Let j(l) = 5*l**2. Let s(z) = 3*j(z) + 8*r(z). Let d be s(0). What are the prime factors of d/2 + -1 + 14?
13
Suppose 25 = -o - 66. Let z = o + 136. What are the prime factors of z?
3, 5
Let w = -79 - -121. List the prime factors of w.
2, 3, 7
Let r(d) be the first derivative of 4*d**3/3 + 9*d**2 + 19*d - 10. List the prime factors of r(-7).
89
Let d = 53 + -47. Suppose -16*i + 1290 = -d*i. What are the prime factors of i?
3, 43
Let h(m) = m**2 - 5*m - 4. Let u = -34 + 28. List the prime factors of h(u).
2, 31
Let d(t) be the second derivative of -1/12*t**4 + 8*t**2 - 13/6*t**3 + 7*t + 0. What are the prime factors of d(-8)?
2, 7
Let j(r) = -1. Let q(x) be the first derivative of -x**2/2 - 9*x + 10. Let h(t) = -4*j(t) - q(t). List the prime factors of h(-10).
3
Let x(m) = 20*m - 4. Let z be x(12). Suppose q + z = 5*q. List the prime factors of q.
59
Let w be (4 + (-45)/10)*-350. What are the prime factors of 3625/w + (-4)/(-14)?
3, 7
Let g(l) = -l**3 - 15*l**2 + 35*l + 22. Let o be g(-17). Suppose -o*q + 1325 = 3*h, -2*q + 521 = -h + 4*h. What are the prime factors of q?
2, 67
Suppose 48 = 3*p - 12. Let d = -2 + p. List the prime factors of d.
2, 3
Suppose s + 4666 = 4*s - 4*u, -4*u - 6228 = -4*s. List the prime factors of s.
2, 11, 71
Suppose 3*d + 61 = 2*x - 3*x, -5*x = 4*d + 96. Let c = d + 184. What are the prime factors of c?
3, 5, 11
Let q(k) = -2*k**2 + 17*k - 21. Let h be q(7). Suppose h = -14*d + 15*d - 3. What are the prime factors of d?
3
Suppose -l - 3 = -6. Let y(c) = c**2 - 14*c + 26. Let i be y(2). Suppose i*j - 275 = -l*j. What are the prime factors of j?
5, 11
Suppose 0 = -2*n + 19 + 3. Let a(i) = 3*i + 10*i + 2 - i**2 - 18. List the prime factors of a(n).
2, 3
Suppose -2946 = -4*r - d, -3*r - 2202 = -6*r + 3*d. What are the prime factors of r?
2, 23
Let m = -146 - -381. List the prime factors of m.
5, 47
Let z = 3683 - 1525. What are the prime factors of z?
2, 13, 83
Let c be 3*(1 + (-4)/(-12)). Suppose 0 = q - c*q + 30. Suppose -5*d + 0*d + q = 0. What are the prime factors of d?
2
Suppose 4*s - 26 = -10. Suppose 70 = s*r + 30. List the prime factors of r.
2, 5
Suppose 0*t - 5*t = m + 62, 4*t = m + 62. Let y = m - -154. What are the prime factors of y?
2, 23
Let r(u) = 13*u**2 - 2*u + 1. Let q(d) = 11 + 3*d - 3*d - 4*d + 5*d. Let x be q(-10). What are the prime factors of r(x)?
2, 3
Let u(b) = b**3 - 14*b**2 + 4*b + 12. Let g(r) = 2*r**3 - 28*r**2 + 9*r + 23. Let q(s) = -6*g(s) + 11*u(s). What are the prime factors of q(13)?
3, 11
Let a be -4 + (32 + -2)*1. Suppose w - a = -24. Let o(y) = 6*y**2 - 3*y + 4. List the prime factors of o(w).
2, 11
Let v be (-29)/(-9) + 4/(-18). Let i(h) = -3*h - v*h + 16*h + 1 - 3 - h**2. List the prime factors of i(8).
2, 7
What are the prime factors of 24/(-1 + (-582)/(-564))?
2, 47
Let h be (-399)/76 - 1/(-4). Let f(r) = r**3 + 6*r**2 + 6*r + 3. Let v be f(h). Let i = 63 - v. List the prime factors of i.
5, 13
Suppose 5*k = 28 + 2. Let y be ((-2)/(-4))/(3/k). Suppose 0 = -2*r + 9 - y. List the prime factors of r.
2
Suppose 2*j - 66*i = -61*i + 668, -1384 = -4*j - 2*i. What are the prime factors of j?
2, 43
Let g(z) = -21*z + 144. What are the prime factors of g(-19)?
3, 181
Let m(a) = a**2 - 10*a - 9. Let y be m(11). What are the prime factors of 1 + y - (-39 - 17)?
59
Let g = 2428 - 1382. List the prime factors of g.
2, 523
Let q(y) = -y**3 - 5*y**2 + 4*y + 25. Let j be q(-5). Suppose -j*h + 8*h - 405 = 0. List the prime factors of h.
3, 5
Suppose 14*g - 58 = -2. Let v(s) = 3*s**3 - 4*s - 8. List the prime factors of v(g).
2, 3, 7
Suppose 18480 = 9*a - 501. List the prime factors of a.
3, 19, 37
Suppose -5*b = -6*b - 2. Let g be 2*(3 + b)/(-1). What are the prime factors of g + 24 + (-6 - -3)?
19
Let q(v) = -3*v**2 - 21*v - 5. Let k be q(-7). Let y(h) = 4*h**2 + 7*h + 21. List the prime factors of y(k).
2, 43
Let i(w) = -351*w - 155. List the prime factors of i(-4).
1249
Let a = -419 - -728. What are the prime factors of a?
3, 103
Let y be 178/3 - 32/24. Suppose 3*r = r + y. Suppose w - 50 = 3*q, 2*w + r = -q + 108. List the prime factors of w.
41
Suppose -252 = 5*h + 8. Let a = h + 111. What are the prime factors of a?
59
Suppose 0*n = 2*p - 4*n, -56 = -5*p - 4*n. Suppose 0 = -p*v - 8*v + 2048. List the prime factors of v.
2
Let x = 149 - 29. Let v = -19 + x. List the prime factors of v.
101
Suppose 0 = -4*p - 0*p + 8. Suppose p*o = -0 - 8. Let t = o + 32. What are the prime factors of t?
2, 7
Suppose 7*h = 10*h - 6. Suppose -k = -h*r + 35, -4*r - 3*k = -2*k - 55. What are the prime factors of r?
3, 5
Let q(t) = t**2 + 5*t + 5. Let s be q(-4). Let g = s - -3. What are the prime factors of 12/(2*2/g)?
2, 3
Suppose -2*c = -3*c + 5. Suppose -3*v + 83 = -4*h - 166, 0 = -h - 3. Suppose c*u - 71 = v. List the prime factors of u.
2, 3, 5
Suppose 9*g - 11*g = 2*b - 2874, -4*g = -2*b - 5766. What are the prime factors of g?
2, 3, 5
Let q(d) = d**3 - d**2 + 2*d - 4. Let b be q(0). Let k(f) = -3*f**3 - f**2 - 8*f + 3. What are the prime factors of k(b)?
211
Let x(j) = -2*j + 26. Let d be x(6). Suppose -d + 49 = 5*c. List the prime factors of c.
7
Let r be 4*3*-1*1. Let t be 12/3*-4*(-1)/1. Let d = r + t. List the prime factors of d.
2
Let b be 1/3*-4*3. What are the prime factors of (b/(-3))/(2/30)?
2, 5
Let y be ((-1)/2 - 0)*-134. Suppose -2*b = 1 - y. What are the prime factors of b?
3, 11
Suppose -3*p - 62 = 55. Let s = p - -39. Suppose s = -2*o - 57 + 149. What are the prime factors of o?
2, 23
Let h(v) be the third derivative of -5*v**4/24 + v**3 - 24*v**2. List the prime factors of h(-26).
2, 17
Suppose 3 = 4*d - d. Let l be (9 - 7)/(d - 2). What are the prime factors of 39 - (2/l - -1)?
3, 13
Let o(z) = -z**2 - 7*z - 1. Let p be o(-2). Suppose -p*k = -15*k + 576. What are the prime factors of k?
2, 3
List the prime factors of 36/(-3) + 3279 - (3 - 0).
2, 3, 17
Let j(b) = b**2 - 4*b + 12. Let v be j(5). Suppose -3*h + 22 + v = 0. Let g = 24 - h. What are the prime factors of g?
11
Let u(r) = -3*r**2 - 3*r + 3. Let c be u(-5). Let x = c - -67. What are the prime factors of x?
2, 5
Suppose 2*b - 12 = -2*b + 5*h, b - 2*h - 3 = 0. Suppose -3*n = -183 - b. What are the prime factors of n?
2, 31
Let u(w) = 44*w**2 - 35*w - 184. List the prime factors of u(-5).
1091
Let v(z) = 3*z**2 + z**2 - 3*z**2 - 2 + 5*z. Let b = 1 - 9. What are the prime factors of v(b)?
2, 11
Let b(c) be the first derivative of -c**3/3 - 5*c**2 + 3*c - 7. Let g be b(-8). Suppose -v + g = -6. List the prime factors of v.
5
Suppose -6*m + 5*m = 9. Let q = m - -121. What are the prime factors of q?
2, 7
Let w be (-11)/(-33) + (-50)/6. Let b(c) = 3*c**2 + 16*c - 9. List the prime factors of b(w).
5, 11
Let h(z) = z + 17. Let q be h(-8). Suppose -q*x + 11*x - 8 = 0. What are the prime factors of x?
2
Let w(z) = 52*z**2 - 19*z - 18. List the prime factors of w(-1).
53
Let b be (-1 + 0)*(-2 + -1). Suppose 2*r = 2*h + 18, 0 = -b*r + 14 + 1. Let g = 11 + h. What are the prime factors of g?
7
Let b(i) = -i**3 + 8*i**2 - 7*i + 2. Let a be b(7). Suppose 3*y + c - 85 = 25, a*c + 84 = 2*y. What are the prime factors of y?
2, 19
Suppose -12890 = 22*l - 32*l. What are the prime factors of l?
1289
List the prime factors of (-36631)/(-112) + (-4)/64.
3, 109
Let z = 2729 + -1579. What are the prime factors of z?
2, 5, 23
Let s = -36 - 33. Let y = s + 166. List the prime factors of y.
97
Let n(d) = 6*d + 7. Let q(b) = b - 1. Suppose 2*h + 3*t - 5 = 0, -50 = -h + 6*h - 5*t. Let u(m) = h*q(m) - n(m). What are the prime factors of u(-1)?
3
Suppose -5*l - 6525 = -5*x, -3*x + 911 + 3004 = -5*l. List the prime factors of x.
3, 5, 29
Let a = -19 + 23. Suppose -2*l = l - 744. Suppose 4*t - s - l = 0, -a*t = 4*s - s - 232. List the prime factors of t.
61
Suppose 5985 = 11*u - 13639